{"id":169,"date":"2025-09-22T16:25:50","date_gmt":"2025-09-22T14:25:50","guid":{"rendered":"https:\/\/butik.forsakringsutbildning.se\/?post_type=product&#038;p=169"},"modified":"2025-10-02T12:04:43","modified_gmt":"2025-10-02T10:04:43","slug":"e-bok-aku-skadeforsakring-2023-aldre","status":"publish","type":"product","link":"https:\/\/butik.forsakringsutbildning.se\/index.php\/product\/e-bok-aku-skadeforsakring-2023-aldre\/","title":{"rendered":"E-bok \u00c5KU Skadef\u00f6rs\u00e4kring 2023 (\u00e4ldre)"},"content":{"rendered":"<p style=\"text-align: left;\" data-start=\"818\" data-end=\"909\">Den h\u00e4r e-boken \u00e4r baserad p\u00e5 2023 \u00e5rs kunskapskrav och inneh\u00e5ller d\u00e5tidens material:<\/p>\n<ul style=\"text-align: left;\" data-start=\"910\" data-end=\"1044\">\n<li data-start=\"910\" data-end=\"944\">\n<p data-start=\"912\" data-end=\"944\">E-bok med \u00f6vningsfr\u00e5gor och facit<\/p>\n<\/li>\n<\/ul>\n<p style=\"text-align: left;\" data-start=\"975\" data-end=\"1044\"><strong data-start=\"1049\" data-end=\"1063\">Observera:<\/strong>\u00a0Denna version \u00e4r \u00e4ldre och uppfyller\u00a0<strong>inte<\/strong>\u00a0InsureSecs krav p\u00e5 \u00e5rlig kunskapsuppdatering f\u00f6r 2025. Den kan vara ett bra st\u00f6d f\u00f6r repetition, f\u00f6r j\u00e4mf\u00f6relse med senare versioner eller som referensmaterial.<\/p>\n","protected":false},"excerpt":{"rendered":"<p>Den h\u00e4r e-boken \u00e4r baserad p\u00e5 2023 \u00e5rs kunskapskrav och inneh\u00e5ller d\u00e5tidens material: E-bok med \u00f6vningsfr\u00e5gor och facit Observera:\u00a0Denna version \u00e4r \u00e4ldre och uppfyller\u00a0inte\u00a0InsureSecs krav p\u00e5 \u00e5rlig kunskapsuppdatering f\u00f6r 2025. Den kan vara ett bra st\u00f6d f\u00f6r repetition, f\u00f6r j\u00e4mf\u00f6relse med senare versioner eller som referensmaterial.<\/p>\n","protected":false},"featured_media":236,"comment_status":"open","ping_status":"closed","template":"","meta":{"_et_pb_use_builder":"","_et_pb_old_content":"","_et_gb_content_width":""},"product_brand":[],"product_cat":[22],"product_tag":[38,25,24],"class_list":{"0":"post-169","1":"product","2":"type-product","3":"status-publish","4":"has-post-thumbnail","6":"product_cat-e-bocker","7":"product_tag-38","8":"product_tag-sak","9":"product_tag-skadeforsakring","11":"first","12":"instock","13":"downloadable","14":"virtual","15":"taxable","16":"purchasable","17":"product-type-simple"},"_links":{"self":[{"href":"https:\/\/butik.forsakringsutbildning.se\/index.php\/wp-json\/wp\/v2\/product\/169","targetHints":{"allow":["GET"]}}],"collection":[{"href":"https:\/\/butik.forsakringsutbildning.se\/index.php\/wp-json\/wp\/v2\/product"}],"about":[{"href":"https:\/\/butik.forsakringsutbildning.se\/index.php\/wp-json\/wp\/v2\/types\/product"}],"replies":[{"embeddable":true,"href":"https:\/\/butik.forsakringsutbildning.se\/index.php\/wp-json\/wp\/v2\/comments?post=169"}],"wp:featuredmedia":[{"embeddable":true,"href":"https:\/\/butik.forsakringsutbildning.se\/index.php\/wp-json\/wp\/v2\/media\/236"}],"wp:attachment":[{"href":"https:\/\/butik.forsakringsutbildning.se\/index.php\/wp-json\/wp\/v2\/media?parent=169"}],"wp:term":[{"taxonomy":"product_brand","embeddable":true,"href":"https:\/\/butik.forsakringsutbildning.se\/index.php\/wp-json\/wp\/v2\/product_brand?post=169"},{"taxonomy":"product_cat","embeddable":true,"href":"https:\/\/butik.forsakringsutbildning.se\/index.php\/wp-json\/wp\/v2\/product_cat?post=169"},{"taxonomy":"product_tag","embeddable":true,"href":"https:\/\/butik.forsakringsutbildning.se\/index.php\/wp-json\/wp\/v2\/product_tag?post=169"}],"curies":[{"name":"wp","href":"https:\/\/api.w.org\/{rel}","templated":true}]}}